 + 23*g**2 + 16*g - 3. Is y(-19) a composite number?
True
Suppose -n = 2*o + 3*o - 12705, 5*o - 4*n - 12705 = 0. Suppose -5*f + 2*x = 3*x - o, -2*f = -2*x - 1026. Is f a composite number?
False
Let b = 3219 - 622. Suppose 3*a = -2*n + 14357, -2206 = -a - 5*n + b. Is a prime?
True
Let i(v) = -11*v**3 + v**2. Let s be i(1). Let t be (-4)/s + 78/30. Suppose t*g + 100 = 673. Is g prime?
True
Suppose 3*z + 3*x - 5394 = 0, -16*z - 2*x + 7190 = -12*z. Is z composite?
True
Let x = 604 + 2127. Suppose 0 = -2*a - 2*a - 5*w + 3642, 3*a - x = -4*w. Is a composite?
True
Is (-1)/((-3)/(-9) + 0) + 4240 composite?
True
Let y = -34 - -36. Suppose -521 - 1021 = -y*u. Is u a prime number?
False
Is 28/(-7)*(-9326)/8 prime?
True
Let l(j) = 8*j**2 + 140*j + 39. Is l(-28) prime?
False
Let a = 54 - -183. Let z = 544 - a. Is z prime?
True
Let r(p) = 2*p**3 + 3*p**2 - 8*p + 4. Suppose -157 = -5*x - 32. Suppose -2*h = -7*h + x. Is r(h) a prime number?
False
Let h be ((-224)/(-20))/(1/(-5)). Is (12/14)/((-8)/h) a prime number?
False
Let b = 1701 - 724. Is b prime?
True
Suppose -2*s + 280 = 5*i + 3*s, -s = 3*i - 166. Is 11/(i/90) + 1 prime?
True
Let m(i) = i**2 - 18*i - 5. Let w be m(18). Let l(t) = -5*t**3 + 8*t**2 + 2*t - 8. Is l(w) prime?
False
Suppose 2*d + 45 = 7*d. Let y = d + 320. Is y prime?
False
Let i = 6 - 1. Let k = 54 - i. Is k a prime number?
False
Suppose 0 = 4*a - 5*n + 1906, -2*n + 0 = -4. Let t = 467 - a. Is t a prime number?
True
Let w be -2 + 6 - (-4 - -3). Suppose 325 = w*z - 4*u, -128 = -3*z + z + 2*u. Is z a composite number?
True
Let g be (-12)/(-3 - (-124)/44). Suppose 58 = t - g. Suppose 0 = -4*h - t + 420. Is h prime?
False
Let m(d) = -962*d + 87. Is m(-3) a prime number?
False
Suppose 0 = 2*v - 5*o - 4280, 4*o - 2127 = v - 2*v. Suppose -v - 470 = -z. Is z a composite number?
True
Let n be 12*(-1)/(3/(-2)). Suppose k + 3 - n = 0. Suppose k*q - 7*q + 506 = 0. Is q a prime number?
False
Suppose -s = -o + 1024 + 6, -3*o = 12. Let l = -469 - s. Is l a prime number?
False
Let g(c) = 156*c - 25. Let t(z) = 78*z - 13. Let j(o) = 6*g(o) - 11*t(o). Let p be (-3 - (-6)/8)/((-1)/4). Is j(p) a prime number?
False
Let t be (-3 - 5/(-2))*-166. Suppose 4*v = -2*g + 42, -62 = -5*g - 2*v + t. Let n = g - -192. Is n a prime number?
True
Suppose -13 + 7 = -2*i. Suppose -i*x = -3 + 9. Is (15/(-15))/(x/254) a prime number?
True
Let p = 29 + -23. Suppose 202 - 964 = -p*k. Is k prime?
True
Let y = 10804 + 6717. Is y a composite number?
True
Suppose 1629 = 357*f - 354*f. Is f composite?
True
Suppose 2*m = -4*d - 2 + 6, -m - 4*d = -8. Is m + 198 - (-1 - -1) a composite number?
True
Let p(l) = 2*l - 12. Let u be p(8). Suppose 2*w = u*f + 54, -w - 7 = -2*w - 3*f. Suppose 1348 = 23*t - w*t. Is t a prime number?
True
Let g = 1860 + 1189. Is g composite?
False
Is (-11 - 37715)/(-1 - (4 - 3)) a prime number?
False
Suppose 0*y - y = -32. Let a(x) = -4 + 69*x + 69*x + 3 - y*x. Is a(2) prime?
True
Let j(z) = -3*z + 2*z - 4 + 2*z - 4*z. Let b be j(-3). Suppose -5*q - x = -2155, -b*q + 730 = 3*x - 1425. Is q prime?
True
Let d = 110 + -1211. Let q be 6/(-9)*d + 3. Suppose -q = -5*g + 1518. Is g composite?
True
Let g(s) = s**3 + 8*s**2 - 14*s - 8. Let c = 88 - 52. Suppose 4*k + c + 0 = 0. Is g(k) prime?
True
Let k(d) = 7*d - 42. Let h = -4 + 21. Is k(h) a composite number?
True
Let d = 1136 + -657. Suppose 5*b - 959 = -x, -3*b + 3*x + 82 + d = 0. Is b prime?
True
Suppose q - 2*b = 23947, -q + 4*b = -18075 - 5878. Is q a composite number?
True
Let m be (-10)/4*2*-1. Let q(d) = 17*d**2 - 4*d + 2. Let v be q(2). Suppose -v - 78 = -5*f - m*w, -3*w = -15. Is f composite?
False
Suppose -3*r = -4*a + 19, -a + 0*r = 3*r - 1. Let w = -13 + a. Is ((-21)/w)/(2/246) prime?
False
Let d be 2/12 - 99065/(-6). Suppose 10*u = d - 1401. Is u a composite number?
False
Is (1 - 21/9) + (-604236)/(-36) prime?
False
Let k = 20 + -13. Suppose -4*z + 3*z = -k. Suppose -z*j + 3*j + 320 = -4*y, 5*j + 5*y - 450 = 0. Is j a prime number?
False
Let a(p) = 207*p - 18*p - 52*p - 3 + 164*p. Is a(2) prime?
True
Suppose -5*p = -2*u + 51251, 34979 = 2*u + 4*p - 16227. Is u a prime number?
False
Let n(k) = 2*k**3 - 5*k**2 - 5*k + 10. Let i(j) = -j**2 + 1. Let y(f) = -5*i(f) + n(f). Let q = 6 + -2. Is y(q) composite?
False
Let k be (-104)/(-12) - 1/(-3). Let p(d) = -d**3 + 17*d**2 - d + 14. Is p(k) prime?
True
Let a(w) be the second derivative of -11*w**5/4 + w**4/6 + w**3/6 - w**2/2 + 14*w. Is a(-1) prime?
False
Suppose 0 = 4*x + x. Suppose 4*t + x - 20 = 0. Suppose -2*q = t*c - 559, -223 = -2*c + q - 2*q. Is c a prime number?
True
Let d = 9044 - -3099. Is d composite?
False
Let i(b) = -7*b. Suppose 0 = 3*q - 7*q + 48. Suppose 8 + q = -4*s. Is i(s) composite?
True
Let o(x) = x - 3. Let k = 8 - 0. Let h be o(k). Suppose 0*p = h*p - 355. Is p prime?
True
Suppose -4*h + 1640 = -27636. Is h a composite number?
True
Let j = -30837 + 112539. Is 6/(-21) + j/42 composite?
True
Suppose 4*u - 36827 = -2*f - f, -2*f = -2*u + 18396. Suppose -4*c + u = -8769. Is c a composite number?
False
Let a(d) = 54*d**2 - d - 90. Is a(-23) composite?
False
Let m(g) = 0*g**2 + 4*g**2 + 1 - 77*g**3 + 3*g + 0*g. Let t be m(-2). Suppose 0 = 5*h - 5*y - 1480, -2*h - 5*y + t = -0*h. Is h prime?
False
Let k be (-3 - -3)*(4 + -3). Suppose -l + 2*l = k. Suppose -2*a + 0*a + 66 = l. Is a a prime number?
False
Let o be ((-1)/(-3) - 1) + (-77)/(-21). Suppose -n = 5*r - 282, o*n + n - 3*r = 1243. Is n composite?
False
Suppose 3*p = 3*o + 50286, o = 3*p - 4*o - 50296. Is p prime?
False
Is (1 + 0)/(57/303981) composite?
False
Suppose 0*g + 22 = 5*g - 2*y, -5*y + 3 = 2*g. Is (-1*g/4)/(1/(-523)) a composite number?
False
Suppose 33*k = 37*k - 1292. Let j = 264 + k. Is j composite?
False
Let o = 13 + 7. Suppose h - 4 - 1 = -2*s, -4*h + o = 3*s. Suppose s*q + 4*q = 1940. Is q a prime number?
False
Let h = 6018 - -9159. Is h prime?
False
Let v = 26 + -40. Is (-558)/(-4) - (-7)/v a prime number?
True
Let i(o) = 11 - 4*o**3 + 3*o**2 + 6*o + 9 - 15 + o**3. Is i(-3) a composite number?
True
Suppose 0 = -2*p + 5*z - 25, -z + 59 = -4*p - 0*z. Let u = p + 16. Is 58 - (u - 3 - -5) a composite number?
True
Let j be (-23 - (3 + -7))/(-1). Suppose -2*r = -3*r + j. Is r composite?
False
Let u(w) = w**3 - 3*w**2 + 8*w - 9. Let s(k) = -k**3 - 9*k**2 + 2*k + 22. Let z be s(-9). Is u(z) composite?
True
Suppose 4*g - 4699 = -5*o, -o + 4*g + 1902 = o. Is o composite?
True
Suppose 2904 + 2880 = 8*h. Is h prime?
False
Suppose 0 = -2*j, 24 = 2*g - 0*g + 5*j. Is (-6)/8 - (-165)/g a composite number?
False
Let w = -3 + 4. Let m(o) = 116*o + 111*o - 226*o + 110*o**2. Is m(w) composite?
True
Suppose 0 = 2*i - 3*i + 794. Let m = i + -501. Is m composite?
False
Let q = -602 - -1123. Is q prime?
True
Let p be 3/5 - (-15088)/20. Suppose 2*h = -2*z - 132 + 632, -3*z = -2*h - p. Is z a composite number?
False
Suppose 312*r - 218320 = 296*r. Is r composite?
True
Let g(h) = -1 - 3*h + 14*h**2 - 13 - 10*h**2. Is g(5) a composite number?
False
Let u = -570 + 974. Let h = -193 + u. Is h composite?
False
Let d(c) be the third derivative of -c**5/12 - c**4/4 + 5*c**3/2 - 5*c**2. Let a(z) = 6*z**2 + 5*z - 14. Let r(y) = 5*a(y) + 4*d(y). Is r(-5) prime?
False
Is 298203/(39/((-52)/(-4))) a composite number?
False
Suppose 67*q - 51*q = 357488. Is q a composite number?
False
Suppose 31*b = 29*b + 2018. Is b a prime number?
True
Let k = -133 - -83. Let v = k - -199. Let j = v + -84. Is j a composite number?
True
Let t(k) = 2*k**2 - 9*k. Let w be t(6). Let h be (117/w)/((-1)/(-22)). Suppose 2*v - h = 11. Is v a prime number?
False
Let t(n) = 8*n**3 + 25*n**2 - 5*n + 2. Let k be t(7). Suppose -3*m + 261 = -k. Is m a composite number?
False
Let y(q) = -164*q + 45. Let o be y(-13). Suppose 4*p = -x + 2872, -3*p + o = -5*x - 0*x. Is p composite?
False
Is 2*3 - ((-70930)/5 - -3) a prime number?
False
Suppose 9*u - 107934 = 4*u - w, -4*u = 5*w - 86343. Is u a prime number?
True
Let a(y) = -y**3 + 101*y**2 - 434*y + 15. Is a(81) composite?
True
Let j be (59*(-2)/(-2))/((-11)/(-3124)). Let p = j - 7329. Is p prime?
False
Let i(p) be the first derivative of p**5/20 - p**4/6 - p**3 + 4*p**2 + 6*p + 4. Let n(j) be the first derivative of i(j). Is n(7) a composite number?
False
Is ((-250 - -1) + -2)*(4 - 21) a com